{"id":45768,"date":"2025-08-22T03:26:58","date_gmt":"2025-08-22T09:26:58","guid":{"rendered":"https:\/\/ticktlan.com\/nahuafest\/?post_type=product&#038;p=45768"},"modified":"2026-02-27T17:47:23","modified_gmt":"2026-02-27T23:47:23","slug":"nahua-fest","status":"publish","type":"product","link":"https:\/\/ticktlan.com\/nahuafest\/producto\/nahua-fest\/","title":{"rendered":"Nahua Fest"},"content":{"rendered":"<p><span style=\"font-weight: 400;\">\u26a1\ufe0f\u2728 Nahua Fest: primera edici\u00f3n 2025 \u2728\u26a1\ufe0f<\/span><\/p>\n<p><span style=\"font-weight: 400;\">Prep\u00e1rense para una noche que va a reventar hasta el amanecer, bailando con toda la energ\u00eda de los Nahuales \ud83d\udc05\ud83d\udc0d\ud83e\udd87.<\/span><\/p>\n<p><span style=\"font-weight: 400;\">\ud83c\udf0c El lugar elegido no pod\u00eda ser m\u00e1s espectacular: \u00a1nuestro bello Ixmiquilpan, Hgo, listo para recibir el rave m\u00e1s \u00e9pico del a\u00f1o! \ud83c\udf3f\u2728<\/span><\/p>\n<p><span style=\"font-weight: 400;\">\ud83d\udd0a A la escena se trepan DJs locales, el poder de un\u00a0 DJ nacional y, como estelar, un DJ internacional especial que har\u00e1 temblar la pista \ud83e\udd2f\ud83d\udd25.<\/span><\/p>\n<p><span style=\"font-weight: 400;\">\ud83c\udfa7 Beats que retumban en el coraz\u00f3n y una atm\u00f3sfera que transforma cada momento en una experiencia \u00fanica.<\/span><\/p>\n<p><span style=\"font-weight: 400;\">\ud83d\udd25 \u00a1Noches como esta no se olvidan! D\u00e9jate llevar por la m\u00fasica que nos une y nos eleva hasta el amanecer en Nahua Fest: primera edici\u00f3n 2025. \ud83d\udd25<\/span><\/p>\n<p>&nbsp;<\/p>\n<p><span style=\"font-weight: 400;\">Preparen sus juguetes y vayan apartando la fecha:<\/span><\/p>\n<p><span style=\"font-weight: 400;\">\u00a0\ud83d\udcc6 Nos vemos el 20 de Septiembre\u00a0<\/span><\/p>\n<p><span style=\"font-weight: 400;\">en: \ud83d\udccc Balneario el Dauthi en Ixmiquilpan Hidalgo.<\/span><\/p>\n<p>&nbsp;<\/p>\n<p><span style=\"font-weight: 400;\"><span dir=\"auto\" style=\"vertical-align: inherit;\"><span dir=\"auto\" style=\"vertical-align: inherit;\">P\u00f3ngase en fila:<\/span><\/span><\/span><\/p>\n<p><span style=\"font-weight: 400;\"><span dir=\"auto\" style=\"vertical-align: inherit;\"><span dir=\"auto\" style=\"vertical-align: inherit;\"><span dir=\"auto\" style=\"vertical-align: inherit;\"><span dir=\"auto\" style=\"vertical-align: inherit;\">\u25b6\ufe0f Laura Ro dj \u23e9 acid &amp; techno\u00a0<\/span><\/span><\/span><\/span><\/span><\/p>\n<p><span style=\"font-weight: 400;\"><span dir=\"auto\" style=\"vertical-align: inherit;\"><span dir=\"auto\" style=\"vertical-align: inherit;\"><span dir=\"auto\" style=\"vertical-align: inherit;\"><span dir=\"auto\" style=\"vertical-align: inherit;\">\u25b6\ufe0f Dj Rolo \u23e9 Hard techno y machine<\/span><\/span><\/span><\/span><\/span><\/p>\n<p><span style=\"font-weight: 400;\"><span dir=\"auto\" style=\"vertical-align: inherit;\"><span dir=\"auto\" style=\"vertical-align: inherit;\">\u25b6\ufe0f Giipsy Monkey \u23e9 Bosque y Progresivo\u00a0<\/span><\/span><\/span><\/p>\n<p><span style=\"font-weight: 400;\"><span dir=\"auto\" style=\"vertical-align: inherit;\"><span dir=\"auto\" style=\"vertical-align: inherit;\">\u25b6\ufe0f Roberto Room \u23e9 Bosque y Darkpsy<\/span><\/span><\/span><\/p>\n<p><span style=\"font-weight: 400;\"><span dir=\"auto\" style=\"vertical-align: inherit;\"><span dir=\"auto\" style=\"vertical-align: inherit;\">\u25b6\ufe0f Arturo Noeggerath \u23e9 Indie Dance, Progresivo y Techno\u00a0<\/span><\/span><\/span><\/p>\n<p><span style=\"font-weight: 400;\"><span dir=\"auto\" style=\"vertical-align: inherit;\"><span dir=\"auto\" style=\"vertical-align: inherit;\"><span dir=\"auto\" style=\"vertical-align: inherit;\"><span dir=\"auto\" style=\"vertical-align: inherit;\">\u25b6\ufe0f CENOBITE \u23e9 Psytrance\u00a0<\/span><\/span><\/span><\/span><\/span><\/p>\n<p>&nbsp;<\/p>\n<p><span style=\"font-weight: 400;\">\u25b6\ufe0f\u00a0 Directamente desde: Thuhu House Collective llega un invitado especial\u00a0 Stylistic para hacernos vibrar y bailar toda la noche \u23e9 Hard techno\u00a0<\/span><\/p>\n<p>&nbsp;<\/p>\n<p><span style=\"font-weight: 400;\">Y Nuestra invitada estelar desde Colombia \ud83c\udde8\ud83c\uddf4 llega para coronar est\u00e1 gran noche\u00a0<\/span><\/p>\n<p><span style=\"font-weight: 400;\"><span dir=\"auto\" style=\"vertical-align: inherit;\"><span dir=\"auto\" style=\"vertical-align: inherit;\"><span dir=\"auto\" style=\"vertical-align: inherit;\"><span dir=\"auto\" style=\"vertical-align: inherit;\">\u25b6\ufe0f Ravelz\u00a0<\/span><\/span><\/span><\/span><\/span><\/p>\n<p><span style=\"font-weight: 400;\"><span dir=\"auto\" style=\"vertical-align: inherit;\"><span dir=\"auto\" style=\"vertical-align: inherit;\"><span dir=\"auto\" style=\"vertical-align: inherit;\"><span dir=\"auto\" style=\"vertical-align: inherit;\">\u23e9 Hard techno, acid, industrial, hardgroove, mental, hipn\u00f3tico<\/span><\/span><\/span><\/span><\/span><\/p>\n<p>&nbsp;<\/p>\n<p><span style=\"font-weight: 400;\">Los esperamos \ud83d\udc7d\ud83d\udd25<\/span><\/p>\n<div style=\"margin: 20px 0;\"><div class=\"qrcswholewtapper\" style=\"text-align:left;\"><div class=\"qrcprowrapper\"  id=\"qrcwraa2leds\"><div class=\"qrc_canvass\" id=\"qrc_cuttenpages_2\" style=\"display:inline-block\" data-text=\"https:\/\/ticktlan.com\/nahuafest\/producto\/nahua-fest\/\"><\/div><\/div><\/div><\/div>","protected":false},"excerpt":{"rendered":"<p>Acceso a evento Nahua Fest 2025 | Aprovecha 20% de descuento en preventa de Boleto Personal $180 a $120 hasta Septiembre 10 y de $180 a $150 hasta Septiembre 19 | Cupon: <strong>NAHUA20<\/strong><\/p>\n","protected":false},"author":1,"featured_media":46054,"comment_status":"closed","ping_status":"closed","template":"","meta":{"site-sidebar-layout":"default","site-content-layout":"","ast-site-content-layout":"default","site-content-style":"default","site-sidebar-style":"default","ast-global-header-display":"","ast-banner-title-visibility":"","ast-main-header-display":"","ast-hfb-above-header-display":"","ast-hfb-below-header-display":"","ast-hfb-mobile-header-display":"","site-post-title":"","ast-breadcrumbs-content":"","ast-featured-img":"","footer-sml-layout":"","theme-transparent-header-meta":"default","adv-header-id-meta":"","stick-header-meta":"","header-above-stick-meta":"","header-main-stick-meta":"","header-below-stick-meta":"","astra-migrate-meta-layouts":"set","ast-page-background-enabled":"default","ast-page-background-meta":{"desktop":{"background-color":"","background-image":"","background-repeat":"repeat","background-position":"center center","background-size":"auto","background-attachment":"scroll","background-type":"","background-media":"","overlay-type":"","overlay-color":"","overlay-opacity":"","overlay-gradient":""},"tablet":{"background-color":"","background-image":"","background-repeat":"repeat","background-position":"center center","background-size":"auto","background-attachment":"scroll","background-type":"","background-media":"","overlay-type":"","overlay-color":"","overlay-opacity":"","overlay-gradient":""},"mobile":{"background-color":"","background-image":"","background-repeat":"repeat","background-position":"center center","background-size":"auto","background-attachment":"scroll","background-type":"","background-media":"","overlay-type":"","overlay-color":"","overlay-opacity":"","overlay-gradient":""}},"ast-content-background-meta":{"desktop":{"background-color":"var(--ast-global-color-5)","background-image":"","background-repeat":"repeat","background-position":"center center","background-size":"auto","background-attachment":"scroll","background-type":"","background-media":"","overlay-type":"","overlay-color":"","overlay-opacity":"","overlay-gradient":""},"tablet":{"background-color":"var(--ast-global-color-5)","background-image":"","background-repeat":"repeat","background-position":"center center","background-size":"auto","background-attachment":"scroll","background-type":"","background-media":"","overlay-type":"","overlay-color":"","overlay-opacity":"","overlay-gradient":""},"mobile":{"background-color":"var(--ast-global-color-5)","background-image":"","background-repeat":"repeat","background-position":"center center","background-size":"auto","background-attachment":"scroll","background-type":"","background-media":"","overlay-type":"","overlay-color":"","overlay-opacity":"","overlay-gradient":""}}},"product_brand":[],"product_cat":[15],"product_tag":[],"class_list":{"0":"post-45768","1":"product","2":"type-product","3":"status-publish","4":"has-post-thumbnail","6":"product_cat-boletos","7":"desktop-align-left","8":"tablet-align-left","9":"mobile-align-left","11":"first","12":"instock","13":"downloadable","14":"virtual","15":"purchasable","16":"product-type-simple"},"yoast_head":"<!-- This site is optimized with the Yoast SEO Premium plugin v23.4 (Yoast SEO v27.0) - https:\/\/yoast.com\/product\/yoast-seo-premium-wordpress\/ -->\n<title>Nahua Fest - Nahua Fest<\/title>\n<meta name=\"description\" content=\"Nahua Fest: primera edici\u00f3n Septiembre 20 de 2025, Balneario el Dauthi en Ixmiquilpan Hidalgo. aparta boletos con descuento hasta sept. 10 para Nahua Fest\" \/>\n<meta name=\"robots\" content=\"index, follow, max-snippet:-1, max-image-preview:large, max-video-preview:-1\" \/>\n<link rel=\"canonical\" href=\"https:\/\/ticktlan.com\/nahuafest\/producto\/nahua-fest\/\" \/>\n<meta property=\"og:locale\" content=\"es_MX\" \/>\n<meta property=\"og:type\" content=\"article\" \/>\n<meta property=\"og:title\" content=\"Nahua Fest\" \/>\n<meta property=\"og:description\" content=\"Nahua Fest: primera edici\u00f3n Septiembre 20 de 2025, Balneario el Dauthi en Ixmiquilpan Hidalgo. aparta boletos con descuento hasta sept. 10 para Nahua Fest\" \/>\n<meta property=\"og:url\" content=\"https:\/\/ticktlan.com\/nahuafest\/producto\/nahua-fest\/\" \/>\n<meta property=\"og:site_name\" content=\"Nahua Fest\" \/>\n<meta property=\"article:publisher\" content=\"https:\/\/www.facebook.com\/people\/Euforamx\/61563345267979\/\" \/>\n<meta property=\"article:modified_time\" content=\"2026-02-27T23:47:23+00:00\" \/>\n<meta property=\"og:image\" content=\"https:\/\/ticktlan.com\/nahuafest\/wp-content\/uploads\/2025\/08\/flyer-nahuafest.jpeg\" \/>\n\t<meta property=\"og:image:width\" content=\"1080\" \/>\n\t<meta property=\"og:image:height\" content=\"1350\" \/>\n\t<meta property=\"og:image:type\" content=\"image\/jpeg\" \/>\n<meta name=\"twitter:card\" content=\"summary_large_image\" \/>\n<meta name=\"twitter:label1\" content=\"Tiempo de lectura\" \/>\n\t<meta name=\"twitter:data1\" content=\"2 minutos\" \/>\n<script type=\"application\/ld+json\" class=\"yoast-schema-graph\">{\"@context\":\"https:\/\/schema.org\",\"@graph\":[{\"@type\":\"WebPage\",\"@id\":\"https:\/\/ticktlan.com\/nahuafest\/producto\/nahua-fest\/\",\"url\":\"https:\/\/ticktlan.com\/nahuafest\/producto\/nahua-fest\/\",\"name\":\"Nahua Fest - Nahua Fest\",\"isPartOf\":{\"@id\":\"https:\/\/ticktlan.com\/nahuafest\/#website\"},\"primaryImageOfPage\":{\"@id\":\"https:\/\/ticktlan.com\/nahuafest\/producto\/nahua-fest\/#primaryimage\"},\"image\":{\"@id\":\"https:\/\/ticktlan.com\/nahuafest\/producto\/nahua-fest\/#primaryimage\"},\"thumbnailUrl\":\"https:\/\/ticktlan.com\/nahuafest\/wp-content\/uploads\/2025\/08\/flyer-nahuafest.jpeg\",\"datePublished\":\"2025-08-22T09:26:58+00:00\",\"dateModified\":\"2026-02-27T23:47:23+00:00\",\"description\":\"Nahua Fest: primera edici\u00f3n Septiembre 20 de 2025, Balneario el Dauthi en Ixmiquilpan Hidalgo. aparta boletos con descuento hasta sept. 10 para Nahua Fest\",\"breadcrumb\":{\"@id\":\"https:\/\/ticktlan.com\/nahuafest\/producto\/nahua-fest\/#breadcrumb\"},\"inLanguage\":\"es\",\"potentialAction\":[{\"@type\":\"ReadAction\",\"target\":[\"https:\/\/ticktlan.com\/nahuafest\/producto\/nahua-fest\/\"]}]},{\"@type\":\"ImageObject\",\"inLanguage\":\"es\",\"@id\":\"https:\/\/ticktlan.com\/nahuafest\/producto\/nahua-fest\/#primaryimage\",\"url\":\"https:\/\/ticktlan.com\/nahuafest\/wp-content\/uploads\/2025\/08\/flyer-nahuafest.jpeg\",\"contentUrl\":\"https:\/\/ticktlan.com\/nahuafest\/wp-content\/uploads\/2025\/08\/flyer-nahuafest.jpeg\",\"width\":1080,\"height\":1350},{\"@type\":\"BreadcrumbList\",\"@id\":\"https:\/\/ticktlan.com\/nahuafest\/producto\/nahua-fest\/#breadcrumb\",\"itemListElement\":[{\"@type\":\"ListItem\",\"position\":1,\"name\":\"Inicio\",\"item\":\"https:\/\/ticktlan.com\/nahuafest\/\"},{\"@type\":\"ListItem\",\"position\":2,\"name\":\"Reservaciones de entradas\",\"item\":\"https:\/\/ticktlan.com\/nahuafest\/tienda\/\"},{\"@type\":\"ListItem\",\"position\":3,\"name\":\"Nahua Fest\"}]},{\"@type\":\"WebSite\",\"@id\":\"https:\/\/ticktlan.com\/nahuafest\/#website\",\"url\":\"https:\/\/ticktlan.com\/nahuafest\/\",\"name\":\"Eufora\",\"description\":\"\",\"publisher\":{\"@id\":\"https:\/\/ticktlan.com\/nahuafest\/#organization\"},\"potentialAction\":[{\"@type\":\"SearchAction\",\"target\":{\"@type\":\"EntryPoint\",\"urlTemplate\":\"https:\/\/ticktlan.com\/nahuafest\/?s={search_term_string}\"},\"query-input\":{\"@type\":\"PropertyValueSpecification\",\"valueRequired\":true,\"valueName\":\"search_term_string\"}}],\"inLanguage\":\"es\"},{\"@type\":\"Organization\",\"@id\":\"https:\/\/ticktlan.com\/nahuafest\/#organization\",\"name\":\"Eufora\",\"url\":\"https:\/\/ticktlan.com\/nahuafest\/\",\"logo\":{\"@type\":\"ImageObject\",\"inLanguage\":\"es\",\"@id\":\"https:\/\/ticktlan.com\/nahuafest\/#\/schema\/logo\/image\/\",\"url\":\"https:\/\/ticktlan.com\/nahuafest\/wp-content\/uploads\/2024\/08\/logo1000x200.webp\",\"contentUrl\":\"https:\/\/ticktlan.com\/nahuafest\/wp-content\/uploads\/2024\/08\/logo1000x200.webp\",\"width\":1000,\"height\":400,\"caption\":\"Eufora\"},\"image\":{\"@id\":\"https:\/\/ticktlan.com\/nahuafest\/#\/schema\/logo\/image\/\"},\"sameAs\":[\"https:\/\/www.facebook.com\/people\/Euforamx\/61563345267979\/\",\"https:\/\/www.instagram.com\/euforamx\/\"]}]}<\/script>\n<!-- \/ Yoast SEO Premium plugin. -->","yoast_head_json":{"title":"Nahua Fest - Nahua Fest","description":"Nahua Fest: primera edici\u00f3n Septiembre 20 de 2025, Balneario el Dauthi en Ixmiquilpan Hidalgo. aparta boletos con descuento hasta sept. 10 para Nahua Fest","robots":{"index":"index","follow":"follow","max-snippet":"max-snippet:-1","max-image-preview":"max-image-preview:large","max-video-preview":"max-video-preview:-1"},"canonical":"https:\/\/ticktlan.com\/nahuafest\/producto\/nahua-fest\/","og_locale":"es_MX","og_type":"article","og_title":"Nahua Fest","og_description":"Nahua Fest: primera edici\u00f3n Septiembre 20 de 2025, Balneario el Dauthi en Ixmiquilpan Hidalgo. aparta boletos con descuento hasta sept. 10 para Nahua Fest","og_url":"https:\/\/ticktlan.com\/nahuafest\/producto\/nahua-fest\/","og_site_name":"Nahua Fest","article_publisher":"https:\/\/www.facebook.com\/people\/Euforamx\/61563345267979\/","article_modified_time":"2026-02-27T23:47:23+00:00","og_image":[{"width":1080,"height":1350,"url":"https:\/\/ticktlan.com\/nahuafest\/wp-content\/uploads\/2025\/08\/flyer-nahuafest.jpeg","type":"image\/jpeg"}],"twitter_card":"summary_large_image","twitter_misc":{"Tiempo de lectura":"2 minutos"},"schema":{"@context":"https:\/\/schema.org","@graph":[{"@type":"WebPage","@id":"https:\/\/ticktlan.com\/nahuafest\/producto\/nahua-fest\/","url":"https:\/\/ticktlan.com\/nahuafest\/producto\/nahua-fest\/","name":"Nahua Fest - Nahua Fest","isPartOf":{"@id":"https:\/\/ticktlan.com\/nahuafest\/#website"},"primaryImageOfPage":{"@id":"https:\/\/ticktlan.com\/nahuafest\/producto\/nahua-fest\/#primaryimage"},"image":{"@id":"https:\/\/ticktlan.com\/nahuafest\/producto\/nahua-fest\/#primaryimage"},"thumbnailUrl":"https:\/\/ticktlan.com\/nahuafest\/wp-content\/uploads\/2025\/08\/flyer-nahuafest.jpeg","datePublished":"2025-08-22T09:26:58+00:00","dateModified":"2026-02-27T23:47:23+00:00","description":"Nahua Fest: primera edici\u00f3n Septiembre 20 de 2025, Balneario el Dauthi en Ixmiquilpan Hidalgo. aparta boletos con descuento hasta sept. 10 para Nahua Fest","breadcrumb":{"@id":"https:\/\/ticktlan.com\/nahuafest\/producto\/nahua-fest\/#breadcrumb"},"inLanguage":"es","potentialAction":[{"@type":"ReadAction","target":["https:\/\/ticktlan.com\/nahuafest\/producto\/nahua-fest\/"]}]},{"@type":"ImageObject","inLanguage":"es","@id":"https:\/\/ticktlan.com\/nahuafest\/producto\/nahua-fest\/#primaryimage","url":"https:\/\/ticktlan.com\/nahuafest\/wp-content\/uploads\/2025\/08\/flyer-nahuafest.jpeg","contentUrl":"https:\/\/ticktlan.com\/nahuafest\/wp-content\/uploads\/2025\/08\/flyer-nahuafest.jpeg","width":1080,"height":1350},{"@type":"BreadcrumbList","@id":"https:\/\/ticktlan.com\/nahuafest\/producto\/nahua-fest\/#breadcrumb","itemListElement":[{"@type":"ListItem","position":1,"name":"Inicio","item":"https:\/\/ticktlan.com\/nahuafest\/"},{"@type":"ListItem","position":2,"name":"Reservaciones de entradas","item":"https:\/\/ticktlan.com\/nahuafest\/tienda\/"},{"@type":"ListItem","position":3,"name":"Nahua Fest"}]},{"@type":"WebSite","@id":"https:\/\/ticktlan.com\/nahuafest\/#website","url":"https:\/\/ticktlan.com\/nahuafest\/","name":"Eufora","description":"","publisher":{"@id":"https:\/\/ticktlan.com\/nahuafest\/#organization"},"potentialAction":[{"@type":"SearchAction","target":{"@type":"EntryPoint","urlTemplate":"https:\/\/ticktlan.com\/nahuafest\/?s={search_term_string}"},"query-input":{"@type":"PropertyValueSpecification","valueRequired":true,"valueName":"search_term_string"}}],"inLanguage":"es"},{"@type":"Organization","@id":"https:\/\/ticktlan.com\/nahuafest\/#organization","name":"Eufora","url":"https:\/\/ticktlan.com\/nahuafest\/","logo":{"@type":"ImageObject","inLanguage":"es","@id":"https:\/\/ticktlan.com\/nahuafest\/#\/schema\/logo\/image\/","url":"https:\/\/ticktlan.com\/nahuafest\/wp-content\/uploads\/2024\/08\/logo1000x200.webp","contentUrl":"https:\/\/ticktlan.com\/nahuafest\/wp-content\/uploads\/2024\/08\/logo1000x200.webp","width":1000,"height":400,"caption":"Eufora"},"image":{"@id":"https:\/\/ticktlan.com\/nahuafest\/#\/schema\/logo\/image\/"},"sameAs":["https:\/\/www.facebook.com\/people\/Euforamx\/61563345267979\/","https:\/\/www.instagram.com\/euforamx\/"]}]}},"_links":{"self":[{"href":"https:\/\/ticktlan.com\/nahuafest\/wp-json\/wp\/v2\/product\/45768","targetHints":{"allow":["GET"]}}],"collection":[{"href":"https:\/\/ticktlan.com\/nahuafest\/wp-json\/wp\/v2\/product"}],"about":[{"href":"https:\/\/ticktlan.com\/nahuafest\/wp-json\/wp\/v2\/types\/product"}],"author":[{"embeddable":true,"href":"https:\/\/ticktlan.com\/nahuafest\/wp-json\/wp\/v2\/users\/1"}],"replies":[{"embeddable":true,"href":"https:\/\/ticktlan.com\/nahuafest\/wp-json\/wp\/v2\/comments?post=45768"}],"version-history":[{"count":14,"href":"https:\/\/ticktlan.com\/nahuafest\/wp-json\/wp\/v2\/product\/45768\/revisions"}],"predecessor-version":[{"id":46072,"href":"https:\/\/ticktlan.com\/nahuafest\/wp-json\/wp\/v2\/product\/45768\/revisions\/46072"}],"wp:featuredmedia":[{"embeddable":true,"href":"https:\/\/ticktlan.com\/nahuafest\/wp-json\/wp\/v2\/media\/46054"}],"wp:attachment":[{"href":"https:\/\/ticktlan.com\/nahuafest\/wp-json\/wp\/v2\/media?parent=45768"}],"wp:term":[{"taxonomy":"product_brand","embeddable":true,"href":"https:\/\/ticktlan.com\/nahuafest\/wp-json\/wp\/v2\/product_brand?post=45768"},{"taxonomy":"product_cat","embeddable":true,"href":"https:\/\/ticktlan.com\/nahuafest\/wp-json\/wp\/v2\/product_cat?post=45768"},{"taxonomy":"product_tag","embeddable":true,"href":"https:\/\/ticktlan.com\/nahuafest\/wp-json\/wp\/v2\/product_tag?post=45768"}],"curies":[{"name":"wp","href":"https:\/\/api.w.org\/{rel}","templated":true}]}}